{"id":137,"date":"2020-05-18T09:16:27","date_gmt":"2020-05-18T07:16:27","guid":{"rendered":"http:\/\/copro-24justice-paris.fr\/?page_id=137"},"modified":"2020-05-18T19:10:54","modified_gmt":"2020-05-18T17:10:54","slug":"situation","status":"publish","type":"page","link":"https:\/\/copro-24justice-paris.fr\/?page_id=137","title":{"rendered":"Localisation"},"content":{"rendered":"\n<h4 class=\"wp-block-heading\">La rue de la Justice<\/h4>\n\n\n\n<p>Au Nord-Est de Paris, dans le 20e arrondissement, \u00e0 proximit\u00e9 du boulevard ext\u00e9rieur (Boulevard Mortier), la rue de la Justice est situ\u00e9e entre la porte de Bagnolet et la porte des Lilas.<\/p>\n\n\n\n<figure class=\"wp-block-image size-large\"><img loading=\"lazy\" decoding=\"async\" width=\"1024\" height=\"601\" src=\"https:\/\/copro-24justice-paris.fr\/wp-content\/uploads\/Images\/Localisation2-1024x601.jpg\" alt=\"\" class=\"wp-image-168\" srcset=\"https:\/\/copro-24justice-paris.fr\/wp-content\/uploads\/Images\/Localisation2-1024x601.jpg 1024w, https:\/\/copro-24justice-paris.fr\/wp-content\/uploads\/Images\/Localisation2-300x176.jpg 300w, https:\/\/copro-24justice-paris.fr\/wp-content\/uploads\/Images\/Localisation2-768x451.jpg 768w, https:\/\/copro-24justice-paris.fr\/wp-content\/uploads\/Images\/Localisation2.jpg 1055w\" sizes=\"auto, (max-width: 1024px) 100vw, 1024px\" \/><\/figure>\n\n\n\n<h4 class=\"wp-block-heading\">Le Jardin de la Justice<\/h4>\n\n\n\n<p>C\u2019est un jardin de poche situ\u00e9 sur l\u2019ancien sentier des Vaches, qui aboutissait aux gibets et aux \u00e9chelles patibulaires de la seigneurie de Charonne\u2026<br>Il est ombrag\u00e9 par des paulownias et des cerisiers \u00e0 fleurs aux tr\u00e8s belles floraisons printani\u00e8res, qui d\u00e9ploient leurs branches au-dessus de massifs de rosiers. Si vous comptez parmi les personnes qui aiment rester un long moment assis, en observant le petit man\u00e8ge des insectes et des oiseaux, tentez de vous arr\u00eater quelques instant pour les regarder. Certaines plantes favorisent bien s\u00fbr la venue des abeilles, des oiseaux et des papillons (datura, julienne des Dames, lis ou tabac d\u2019ornement), mais si sur votre balcon ou dans votre jardin, vous voulez \u00e0 coup s\u00fbr les attirer, abandonnez un r\u00e9cipient d\u2019eau dans un coin, suspendez de la couenne dans un arbre, fabriquez une petite maison ou un pain compos\u00e9 de graines et de margarine. Rien de plus facile !<\/p>\n\n\n\n<p class=\"has-text-align-right\"><a href=\"https:\/\/www.paris.fr\/equipements\/jardin-de-la-justice-2719\" target=\"_blank\" rel=\"noreferrer noopener\">D&rsquo;apr\u00e8s le site officiel de la Ville de Paris<\/a><\/p>\n","protected":false},"excerpt":{"rendered":"<p>La rue de la Justice Au Nord-Est de Paris, dans le 20e arrondissement, \u00e0 proximit\u00e9 du boulevard ext\u00e9rieur (Boulevard Mortier), la rue de la Justice est situ\u00e9e entre la porte de Bagnolet et la porte des Lilas. Le Jardin de la Justice C\u2019est un jardin de poche situ\u00e9 sur l\u2019ancien sentier des Vaches, qui aboutissait [&hellip;]<\/p>\n","protected":false},"author":1,"featured_media":147,"parent":0,"menu_order":0,"comment_status":"closed","ping_status":"closed","template":"","meta":{"footnotes":""},"class_list":["post-137","page","type-page","status-publish","has-post-thumbnail","hentry"],"_links":{"self":[{"href":"https:\/\/copro-24justice-paris.fr\/index.php?rest_route=\/wp\/v2\/pages\/137","targetHints":{"allow":["GET"]}}],"collection":[{"href":"https:\/\/copro-24justice-paris.fr\/index.php?rest_route=\/wp\/v2\/pages"}],"about":[{"href":"https:\/\/copro-24justice-paris.fr\/index.php?rest_route=\/wp\/v2\/types\/page"}],"author":[{"embeddable":true,"href":"https:\/\/copro-24justice-paris.fr\/index.php?rest_route=\/wp\/v2\/users\/1"}],"replies":[{"embeddable":true,"href":"https:\/\/copro-24justice-paris.fr\/index.php?rest_route=%2Fwp%2Fv2%2Fcomments&post=137"}],"version-history":[{"count":8,"href":"https:\/\/copro-24justice-paris.fr\/index.php?rest_route=\/wp\/v2\/pages\/137\/revisions"}],"predecessor-version":[{"id":169,"href":"https:\/\/copro-24justice-paris.fr\/index.php?rest_route=\/wp\/v2\/pages\/137\/revisions\/169"}],"wp:featuredmedia":[{"embeddable":true,"href":"https:\/\/copro-24justice-paris.fr\/index.php?rest_route=\/wp\/v2\/media\/147"}],"wp:attachment":[{"href":"https:\/\/copro-24justice-paris.fr\/index.php?rest_route=%2Fwp%2Fv2%2Fmedia&parent=137"}],"curies":[{"name":"wp","href":"https:\/\/api.w.org\/{rel}","templated":true}]}}

<h4 class="wp-block-heading">La rue de la Justice</h4>



<p>Au Nord-Est de Paris, dans le 20e arrondissement, à proximité du boulevard extérieur (Boulevard Mortier), la rue de la Justice est située entre la porte de Bagnolet et la porte des Lilas.</p>



<figure class="wp-block-image size-large"><img loading="lazy" decoding="async" width="1024" height="601" src="https://copro-24justice-paris.fr/wp-content/uploads/Images/Localisation2-1024x601.jpg" alt="" class="wp-image-168" srcset="https://copro-24justice-paris.fr/wp-content/uploads/Images/Localisation2-1024x601.jpg 1024w, https://copro-24justice-paris.fr/wp-content/uploads/Images/Localisation2-300x176.jpg 300w, https://copro-24justice-paris.fr/wp-content/uploads/Images/Localisation2-768x451.jpg 768w, https://copro-24justice-paris.fr/wp-content/uploads/Images/Localisation2.jpg 1055w" sizes="auto, (max-width: 1024px) 100vw, 1024px" /></figure>



<h4 class="wp-block-heading">Le Jardin de la Justice</h4>



<p>C’est un jardin de poche situé sur l’ancien sentier des Vaches, qui aboutissait aux gibets et aux échelles patibulaires de la seigneurie de Charonne…<br>Il est ombragé par des paulownias et des cerisiers à fleurs aux très belles floraisons printanières, qui déploient leurs branches au-dessus de massifs de rosiers. Si vous comptez parmi les personnes qui aiment rester un long moment assis, en observant le petit manège des insectes et des oiseaux, tentez de vous arrêter quelques instant pour les regarder. Certaines plantes favorisent bien sûr la venue des abeilles, des oiseaux et des papillons (datura, julienne des Dames, lis ou tabac d’ornement), mais si sur votre balcon ou dans votre jardin, vous voulez à coup sûr les attirer, abandonnez un récipient d’eau dans un coin, suspendez de la couenne dans un arbre, fabriquez une petite maison ou un pain composé de graines et de margarine. Rien de plus facile !</p>



<p class="has-text-align-right"><a href="https://www.paris.fr/equipements/jardin-de-la-justice-2719" target="_blank" rel="noreferrer noopener">D&rsquo;après le site officiel de la Ville de Paris</a></p>

<p>La rue de la Justice Au Nord-Est de Paris, dans le 20e arrondissement, à proximité du boulevard extérieur (Boulevard Mortier), la rue de la Justice est située entre la porte de Bagnolet et la porte des Lilas. Le Jardin de la Justice C’est un jardin de poche situé sur l’ancien sentier des Vaches, qui aboutissait [&hellip;]</p>
